{"id":310,"date":"2018-09-01T21:16:40","date_gmt":"2018-09-01T19:16:40","guid":{"rendered":"https:\/\/wordpress.pinkernell.online\/?page_id=310"},"modified":"2018-09-02T11:46:03","modified_gmt":"2018-09-02T09:46:03","slug":"forschung","status":"publish","type":"page","link":"https:\/\/www.pinkernell.online\/?page_id=310","title":{"rendered":"Projekte"},"content":{"rendered":"\n<h2 class=\"wp-block-heading\">SUmEdX<\/h2>\n\n\n\n<p>Summative Referenzmodelle f\u00fcr die Bereiche Arithmetik, Algebra, Funktionen, Geometrie und Algebra\u00a0(siehe aldiff)\u00a0 f\u00fcr die Konzeption von Diagnose- und F\u00f6rderma\u00dfnahmen an der Schnittstelle Schule-Hochschule: <a href=\"https:\/\/wordpress.pinkernell.online\/?page_id=446\">Details<\/a><\/p>\n\n\n\n<h2 class=\"wp-block-heading\">aldiff<\/h2>\n\n\n\n<p>Entwicklung eines Diagnoseinstruments der elementaren Algebra f\u00fcr diagnostische und F\u00f6rderma\u00dfnahmen an der Schnittstelle Schule-Hochschule: <a href=\"https:\/\/wordpress.pinkernell.online\/?page_id=279\" style=\"outline-width: 0px !important; user-select: auto !important;\">Details<\/a><\/p>\n\n\n\n<h2 class=\"wp-block-heading\">DiaLeCo<\/h2>\n\n\n\n<p>Diagnostizieren und Kategorisieren m\u00f6glicher Fehlkonzeptionen beim Arbeiten mit computergest\u00fctzten multiplen Repr\u00e4sentationssystemen mathematischer Funktionen: <a href=\"https:\/\/wordpress.pinkernell.online\/?page_id=284\" style=\"outline-width: 0px !important; user-select: auto !important;\">Details<\/a><\/p>\n\n\n\n<h2 class=\"wp-block-heading\">Heidelberger MatheBr\u00fccke<\/h2>\n\n\n\n<p>Digitale Aufgaben mit automatischer Feedbackfunktion f\u00fcr selbstgesteuerte \u00dcbungs- und Wiederholungsphasen in allen Bereichen der Sekundarstufenmathematik: <a href=\"https:\/\/wordpress.pinkernell.online\/?page_id=288\" style=\"outline-width: 0px !important; user-select: auto !important;\">Details<\/a><\/p>\n\n\n\n<p><strong><\/strong><\/p>\n","protected":false},"excerpt":{"rendered":"<p>SUmEdX Summative Referenzmodelle f\u00fcr die Bereiche Arithmetik, Algebra, Funktionen, Geometrie und Algebra\u00a0(siehe aldiff)\u00a0 f\u00fcr die Konzeption von Diagnose- und F\u00f6rderma\u00dfnahmen an der Schnittstelle Schule-Hochschule: Details aldiff Entwicklung eines Diagnoseinstruments der elementaren Algebra f\u00fcr diagnostische und F\u00f6rderma\u00dfnahmen an der Schnittstelle Schule-Hochschule: Details DiaLeCo Diagnostizieren und Kategorisieren m\u00f6glicher Fehlkonzeptionen beim Arbeiten mit computergest\u00fctzten multiplen Repr\u00e4sentationssystemen mathematischer Funktionen: &hellip; <\/p>\n<p class=\"link-more\"><a href=\"https:\/\/www.pinkernell.online\/?page_id=310\" class=\"more-link\"><span class=\"screen-reader-text\">\u201eProjekte\u201c<\/span> weiterlesen<\/a><\/p>\n","protected":false},"author":1,"featured_media":0,"parent":396,"menu_order":0,"comment_status":"closed","ping_status":"closed","template":"","meta":{"footnotes":""},"class_list":["post-310","page","type-page","status-publish","hentry"],"_links":{"self":[{"href":"https:\/\/www.pinkernell.online\/index.php?rest_route=\/wp\/v2\/pages\/310","targetHints":{"allow":["GET"]}}],"collection":[{"href":"https:\/\/www.pinkernell.online\/index.php?rest_route=\/wp\/v2\/pages"}],"about":[{"href":"https:\/\/www.pinkernell.online\/index.php?rest_route=\/wp\/v2\/types\/page"}],"author":[{"embeddable":true,"href":"https:\/\/www.pinkernell.online\/index.php?rest_route=\/wp\/v2\/users\/1"}],"replies":[{"embeddable":true,"href":"https:\/\/www.pinkernell.online\/index.php?rest_route=%2Fwp%2Fv2%2Fcomments&post=310"}],"version-history":[{"count":19,"href":"https:\/\/www.pinkernell.online\/index.php?rest_route=\/wp\/v2\/pages\/310\/revisions"}],"predecessor-version":[{"id":481,"href":"https:\/\/www.pinkernell.online\/index.php?rest_route=\/wp\/v2\/pages\/310\/revisions\/481"}],"up":[{"embeddable":true,"href":"https:\/\/www.pinkernell.online\/index.php?rest_route=\/wp\/v2\/pages\/396"}],"wp:attachment":[{"href":"https:\/\/www.pinkernell.online\/index.php?rest_route=%2Fwp%2Fv2%2Fmedia&parent=310"}],"curies":[{"name":"wp","href":"https:\/\/api.w.org\/{rel}","templated":true}]}}