{"id":622,"date":"2022-01-12T15:33:22","date_gmt":"2022-01-12T14:33:22","guid":{"rendered":"https:\/\/www.pinkernell.online\/?page_id=622"},"modified":"2022-02-28T10:52:57","modified_gmt":"2022-02-28T09:52:57","slug":"stellenangebote","status":"publish","type":"page","link":"https:\/\/www.pinkernell.online\/?page_id=622","title":{"rendered":"Stellenangebote"},"content":{"rendered":"\n<p>Wir sind immer auf der Suche nach interessierten, engagierten und zuverl\u00e4ssigen Menschen, die bei uns mitarbeiten wollen. Hier sind unsere Stellenangebote:<\/p>\n\n\n\n<h2 class=\"wp-block-heading\" id=\"mitarbeit-bei-der-heidelberger-mathebrucke\">Mitarbeit bei der Heidelberger MatheBr\u00fccke: <\/h2>\n\n\n\n<ul class=\"wp-block-list\"><li>Digitale Mathematikaufgaben mit interaktiven Elementen und automatischem Feedback konzipieren und erstellen<\/li><li>Studienanf\u00e4nger, Sch\u00fclerinnen und Sch\u00fcler unterst\u00fctzen<\/li><li>als studentische Hilfskraft ohne oder mit Bachelorabschluss<\/li><\/ul>\n\n\n\n<p>Interessiert?<\/p>\n\n\n\n<p> <a rel=\"noreferrer noopener\" href=\"https:\/\/www.pinkernell.online\/wp-content\/uploads\/2022\/01\/Stellenanzeige-MB.pdf\" target=\"_blank\">Klicken Sie hier<\/a>! und schreiben Sie mir eine E-Mail: <a rel=\"noreferrer noopener\" href=\"mailto:pinkernell@ph-heidelberg.de\" data-type=\"mailto\" data-id=\"mailto:pinkernell@ph-heidelberg.de\" target=\"_blank\">pinkernell@ph-heidelberg.de<\/a><\/p>\n\n\n\n<h2 class=\"wp-block-heading\" id=\"mitarbeit-im-erasmus-projekt-learn\">Mitarbeit im ERASMUS+ &#8211; Projekt Learn+:<\/h2>\n\n\n\n<ul class=\"wp-block-list\"><li>Aufgaben f\u00fcr die kostenlose Lernapp MILAGE konzipieren und ver\u00f6ffentlichen<\/li><li>als studentische Hilfskraft ohne oder mit Bachelorabschluss<\/li><\/ul>\n\n\n\n<p>Interessiert?<\/p>\n\n\n\n<p><a rel=\"noreferrer noopener\" href=\"https:\/\/www.pinkernell.online\/wp-content\/uploads\/2022\/01\/Stellenanzeigen-LEARN.pdf\" target=\"_blank\">Klicken Sie hier<\/a>! und schreiben Sie mir eine E-Mail: <a href=\"mailto:pinkernell@ph-heidelberg.de\">pinkernell@ph-heidelberg.de<\/a><\/p>\n","protected":false},"excerpt":{"rendered":"<p>Wir sind immer auf der Suche nach interessierten, engagierten und zuverl\u00e4ssigen Menschen, die bei uns mitarbeiten wollen. Hier sind unsere Stellenangebote: Mitarbeit bei der Heidelberger MatheBr\u00fccke: Digitale Mathematikaufgaben mit interaktiven Elementen und automatischem Feedback konzipieren und erstellen Studienanf\u00e4nger, Sch\u00fclerinnen und Sch\u00fcler unterst\u00fctzen als studentische Hilfskraft ohne oder mit Bachelorabschluss Interessiert? Klicken Sie hier! und schreiben &hellip; <\/p>\n<p class=\"link-more\"><a href=\"https:\/\/www.pinkernell.online\/?page_id=622\" class=\"more-link\"><span class=\"screen-reader-text\">\u201eStellenangebote\u201c<\/span> weiterlesen<\/a><\/p>\n","protected":false},"author":1,"featured_media":0,"parent":0,"menu_order":0,"comment_status":"closed","ping_status":"closed","template":"","meta":{"footnotes":""},"class_list":["post-622","page","type-page","status-publish","hentry"],"_links":{"self":[{"href":"https:\/\/www.pinkernell.online\/index.php?rest_route=\/wp\/v2\/pages\/622","targetHints":{"allow":["GET"]}}],"collection":[{"href":"https:\/\/www.pinkernell.online\/index.php?rest_route=\/wp\/v2\/pages"}],"about":[{"href":"https:\/\/www.pinkernell.online\/index.php?rest_route=\/wp\/v2\/types\/page"}],"author":[{"embeddable":true,"href":"https:\/\/www.pinkernell.online\/index.php?rest_route=\/wp\/v2\/users\/1"}],"replies":[{"embeddable":true,"href":"https:\/\/www.pinkernell.online\/index.php?rest_route=%2Fwp%2Fv2%2Fcomments&post=622"}],"version-history":[{"count":9,"href":"https:\/\/www.pinkernell.online\/index.php?rest_route=\/wp\/v2\/pages\/622\/revisions"}],"predecessor-version":[{"id":644,"href":"https:\/\/www.pinkernell.online\/index.php?rest_route=\/wp\/v2\/pages\/622\/revisions\/644"}],"wp:attachment":[{"href":"https:\/\/www.pinkernell.online\/index.php?rest_route=%2Fwp%2Fv2%2Fmedia&parent=622"}],"curies":[{"name":"wp","href":"https:\/\/api.w.org\/{rel}","templated":true}]}}